{"id":776,"date":"2019-10-10T09:28:12","date_gmt":"2019-10-10T12:28:12","guid":{"rendered":"http:\/\/www.ograorealfood.com.br\/?page_id=776"},"modified":"2019-12-02T16:23:01","modified_gmt":"2019-12-02T19:23:01","slug":"blog","status":"publish","type":"page","link":"https:\/\/www.ograorealfood.com.br\/?page_id=776","title":{"rendered":"Blog"},"content":{"rendered":"<div  data-autoplay=''  data-interval='5'  data-animation='fade'  data-show_slide_delay='90'  class='avia-content-slider avia-content-grid-active avia-content-slider1 avia-content-slider-odd  avia-builder-el-0  avia-builder-el-no-sibling   '  itemscope=\"itemscope\" itemtype=\"https:\/\/schema.org\/Blog\" ><div class='avia-content-slider-inner'><div class='slide-entry-wrap'><article class='slide-entry flex_column  post-entry post-entry-784 slide-entry-overview slide-loop-1 slide-parity-odd  post-entry-last  av_one_fifth first fake-thumbnail'  itemscope=\"itemscope\" itemtype=\"https:\/\/schema.org\/BlogPosting\" itemprop=\"blogPost\" ><a href='https:\/\/www.ograorealfood.com.br\/?p=784' data-rel='slide-1' class='slide-image' title=''><span class=' fallback-post-type-icon' aria-hidden='true' data-av_icon='\ue836' data-av_iconfont='entypo-fontello'><\/span><span class='slider-fallback-image'><\/span><\/a><div class='slide-content'><header class=\"entry-content-header\"><h3 class='slide-entry-title entry-title '  itemprop=\"headline\" ><a href='https:\/\/www.ograorealfood.com.br\/?p=784' title='O Gr\u00e3o Real Food: conhe\u00e7a o card\u00e1pio \u201cCozinhando para minha av\u00f3\u201d  - Secione Uno'>O Gr\u00e3o Real Food: conhe\u00e7a o card\u00e1pio \u201cCozinhando para minha av\u00f3\u201d  - Secione Uno<\/a><\/h3><span class=\"av-vertical-delimiter\"><\/span><\/header><div class='slide-meta'><div class='slide-meta-comments'><a href='https:\/\/www.ograorealfood.com.br\/?p=784#respond'>0 Coment\u00e1rios<\/a><\/div><div class='slide-meta-del'>\/<\/div><time class='slide-meta-time updated'  itemprop=\"datePublished\" datetime=\"2019-12-02T16:21:36-03:00\" >2 de dezembro de 2019<\/time><\/div><div class='slide-entry-excerpt entry-content'  itemprop=\"text\" >\nCapa do novo Card\u00e1pio  \n\n\n\nChef Ana Carolina Carloto apresentou,\u2026<\/div><\/div><footer class=\"entry-footer\"><\/footer><span class='hidden'>\n\t\t\t<span class='av-structured-data'  itemprop=\"image\" itemscope=\"itemscope\" itemtype=\"https:\/\/schema.org\/ImageObject\"  itemprop='image'>\n\t\t\t\t\t   <span itemprop='url' >https:\/\/www.ograorealfood.com.br\/wp-content\/uploads\/2019\/09\/logo.png<\/span>\n\t\t\t\t\t   <span itemprop='height' >0<\/span>\n\t\t\t\t\t   <span itemprop='width' >0<\/span>\n\t\t\t\t  <\/span><span class='av-structured-data'  itemprop=\"publisher\" itemtype=\"https:\/\/schema.org\/Organization\" itemscope=\"itemscope\" >\n\t\t\t\t<span itemprop='name'>admin<\/span>\n\t\t\t\t<span itemprop='logo' itemscope itemtype='https:\/\/schema.org\/ImageObject'>\n\t\t\t\t   <span itemprop='url'>https:\/\/www.ograorealfood.com.br\/wp-content\/uploads\/2019\/09\/logo.png<\/span>\n\t\t\t\t <\/span>\n\t\t\t  <\/span><span class='av-structured-data'  itemprop=\"author\" itemscope=\"itemscope\" itemtype=\"https:\/\/schema.org\/Person\" ><span itemprop='name'>admin<\/span><\/span><span class='av-structured-data'  itemprop=\"datePublished\" datetime=\"2019-12-02T16:21:36-03:00\" >2019-12-02 16:21:36<\/span><span class='av-structured-data'  itemprop=\"dateModified\" itemtype=\"https:\/\/schema.org\/dateModified\" >2019-12-02 18:58:24<\/span><span class='av-structured-data'  itemprop=\"mainEntityOfPage\" itemtype=\"https:\/\/schema.org\/mainEntityOfPage\" ><span itemprop='name'>O Gr\u00e3o Real Food: conhe\u00e7a o card\u00e1pio \u201cCozinhando para minha av\u00f3\u201d  - Secione Uno<\/span><\/span><\/span><\/article><\/div><\/div><\/div>\n","protected":false},"excerpt":{"rendered":"","protected":false},"author":1,"featured_media":0,"parent":0,"menu_order":0,"comment_status":"closed","ping_status":"closed","template":"","meta":[],"_links":{"self":[{"href":"https:\/\/www.ograorealfood.com.br\/index.php?rest_route=\/wp\/v2\/pages\/776"}],"collection":[{"href":"https:\/\/www.ograorealfood.com.br\/index.php?rest_route=\/wp\/v2\/pages"}],"about":[{"href":"https:\/\/www.ograorealfood.com.br\/index.php?rest_route=\/wp\/v2\/types\/page"}],"author":[{"embeddable":true,"href":"https:\/\/www.ograorealfood.com.br\/index.php?rest_route=\/wp\/v2\/users\/1"}],"replies":[{"embeddable":true,"href":"https:\/\/www.ograorealfood.com.br\/index.php?rest_route=%2Fwp%2Fv2%2Fcomments&post=776"}],"version-history":[{"count":2,"href":"https:\/\/www.ograorealfood.com.br\/index.php?rest_route=\/wp\/v2\/pages\/776\/revisions"}],"predecessor-version":[{"id":786,"href":"https:\/\/www.ograorealfood.com.br\/index.php?rest_route=\/wp\/v2\/pages\/776\/revisions\/786"}],"wp:attachment":[{"href":"https:\/\/www.ograorealfood.com.br\/index.php?rest_route=%2Fwp%2Fv2%2Fmedia&parent=776"}],"curies":[{"name":"wp","href":"https:\/\/api.w.org\/{rel}","templated":true}]}}